 the hundred millions digit of 1377313471?
3
What is the tens digit of 5861208959?
5
What is the ten thousands digit of 705940883?
4
What is the thousands digit of 47425110?
5
What is the units digit of 313767223?
3
What is the hundred thousands digit of 214211755?
2
What is the tens digit of 44063906?
0
What is the ten thousands digit of 158863464?
6
What is the hundreds digit of 902071983?
9
What is the units digit of 115171508?
8
What is the hundred millions digit of 212115796?
2
What is the hundreds digit of 310917409?
4
What is the ten millions digit of 149254923?
4
What is the hundred millions digit of 107503467?
1
What is the units digit of 544255442?
2
What is the tens digit of 8124912312?
1
What is the ten millions digit of 36480037?
3
What is the millions digit of 294602810?
4
What is the hundreds digit of 182618762?
7
What is the millions digit of 54172150?
4
What is the units digit of 7276869575?
5
What is the hundreds digit of 1471137182?
1
What is the ten millions digit of 1034895894?
3
What is the ten thousands digit of 4834099353?
9
What is the units digit of 305985504?
4
What is the millions digit of 4002231310?
2
What is the hundred thousands digit of 44797791?
7
What is the hundreds digit of 5611751328?
3
What is the thousands digit of 1386096478?
6
What is the hundreds digit of 66172778?
7
What is the ten millions digit of 66525046?
6
What is the hundreds digit of 53702047?
0
What is the hundreds digit of 1215605561?
5
What is the units digit of 116626?
6
What is the millions digit of 767218300?
7
What is the millions digit of 195439552?
5
What is the hundreds digit of 24775931?
9
What is the hundred millions digit of 1832056475?
8
What is the hundred thousands digit of 25417352?
4
What is the units digit of 48665965?
5
What is the ten thousands digit of 3627696134?
9
What is the millions digit of 2627991?
2
What is the ten thousands digit of 1302078156?
7
What is the tens digit of 135572172?
7
What is the millions digit of 25489245?
5
What is the thousands digit of 252041866?
1
What is the ten millions digit of 709503376?
0
What is the tens digit of 3502992263?
6
What is the hundreds digit of 2596381457?
4
What is the hundreds digit of 5075628?
6
What is the ten thousands digit of 2333352?
3
What is the hundred thousands digit of 114757995?
7
What is the units digit of 1272484538?
8
What is the ten millions digit of 968016898?
6
What is the hundreds digit of 3007162?
1
What is the hundred thousands digit of 505719676?
7
What is the tens digit of 1123667206?
0
What is the ten thousands digit of 1329412522?
1
What is the thousands digit of 498627647?
7
What is the billions digit of 1291138892?
1
What is the ten millions digit of 228262868?
2
What is the millions digit of 574391439?
4
What is the hundred thousands digit of 41566283?
5
What is the millions digit of 150642678?
0
What is the units digit of 61541764?
4
What is the tens digit of 141899030?
3
What is the hundred millions digit of 850873099?
8
What is the thousands digit of 1514417552?
7
What is the ten thousands digit of 39145171?
4
What is the ten millions digit of 68327530?
6
What is the millions digit of 4094523172?
4
What is the hundreds digit of 4040608?
6
What is the millions digit of 171531330?
1
What is the ten thousands digit of 41419084?
1
What is the thousands digit of 31765772?
5
What is the millions digit of 339630766?
9
What is the units digit of 2576136?
6
What is the hundreds digit of 47181772?
7
What is the hundred thousands digit of 273260565?
2
What is the thousands digit of 60031337?
1
What is the hundred millions digit of 518355109?
5
What is the tens digit of 2370803874?
7
What is the millions digit of 556040774?
6
What is the hundreds digit of 5233615771?
7
What is the hundred thousands digit of 13588454?
5
What is the thousands digit of 5131416122?
6
What is the tens digit of 1223991868?
6
What is the millions digit of 61311768?
1
What is the tens digit of 113123457?
5
What is the hundred thousands digit of 142389336?
3
What is the thousands digit of 64106552?
6
What is the hundreds digit of 49457346?
3
What is the hundred thousands digit of 8065406?
0
What is the ten millions digit of 197037845?
9
What is the tens digit of 402910203?
0
What is the millions digit of 2753602?
2
What is the hundreds digit of 310479152?
1
What is the millions digit of 563940818?
3
What is the thousands digit of 4946422155?
2
What is the billions digit of 1461307284?
1
What is the tens digit of 642630697?
9
What is the hundred thousands digit of 2949984041?
9
What is the millions digit of 3453479748?
3
What is the ten millions digit of 795555222?
9
What is the thousands digit of 579799098?
9
What is the tens digit of 1104155684?
8
What is the units digit of 3857316?
6
What is the hundred thousands digit of 182184917?
1
What is the thousands digit of 18938276?
8
What is the thousands digit of 136641516?
1
What is the units digit of 79153295?
5
What is the thousands digit of 42196960?
6
What is the hundred thousands digit of 229611237?
6
What is the hundred thousands digit of 68702918?
7
What is the thousands digit of 472161592?
1
What is the hundred millions digit of 131477039?
1
What is the hundreds digit of 737370500?
5
What is the billions digit of 1841073000?
1
What is the hundred thousands digit of 3734999686?
9
What is the units digit of 265002936?
6
What is the millions digit of 807455783?
7
What is the ten thousands digit of 1755889038?
8
What is the thousands digit of 1251701584?
1
What is the ten millions digit of 190418382?
9
What is the hundreds digit of 74214466?
4
What is the hundred thousands digit of 346198057?
1
What is the tens digit of 94812571?
7
What is the units digit of 37054126?
6
What is the hundred thousands digit of 93277592?
2
What is the hundreds digit of 678192975?
9
What is the millions digit of 115316815?
5
What is the hundred millions digit of 1312599467?
3
What is the millions digit of 331639556?
1
What is the hundreds digit of 43282335?
3
What is the ten thousands digit of 130740103?
4
What is the hundred thousands digit of 3273331209?
3
What is the hundreds digit of 259396180?
1
What is the units digit of 103027502?
2
What is the millions digit of 3724563918?
4
What is the units digit of 12711114?
4
What is the ten millions digit of 188214900?
8
What is the thousands digit of 732362005?
2
What is the hundred thousands digit of 84081529?
0
What is the hundred thousands digit of 67506135?
5
What is the millions digit of 34686875?
4
What is the hundred thousands digit of 4069389686?
3
What is the units digit of 1565067234?
4
What is the ten millions digit of 193642380?
9
What is the ten thousands digit of 1800691224?
9
What is the millions digit of 10491459?
0
What is the units digit of 70848064?
4
What is the ten millions digit of 162078968?
6
What is the thousands digit of 166186824?
6
What is the ten millions digit of 92391623?
9
What is the units digit of 32001577?
7
What is the tens digit of 71530911?
1
What is the hundreds digit of 334464181?
1
What is the thousands digit of 126104521?
4
What is the millions digit of 1184547211?
4
What is the ten thousands digit of 5197782609?
8
What is the hundreds digit of 1218241449?
4
What is the millions digit of 375980713?
5
What is the hundred thousands digit of 1431508365?
5
What is the hundred thousands digit of 1358191263?
1
What is the thousands digit of 60910064?
0
What is the hundreds digit of 630999492?
4
What is the millions digit of 633536275?
3
What is the millions digit of 581733609?
1
What is the millions digit of 47471665?
7
What is the billions digit of 1284165860?
1
What is the units digit of 577408056?
6
What is the units digit of 888177568?
8
What is the ten millions digit of 4005882435?
0
What is the hundred thousands digit of 47182897?
1
What is the billions digit of 5512749441?
5
What is the units digit of 3647688237?
7
What is the tens digit of 2113975925?
2
What is the millions digit of 71374639?
1
What is the ten millions digit of 8114874433?
1
What is the thousands digit of 3307171231?
1
What is the thousands digit of 64676339?
6
What is the hundred thousands digit of 83804303?
8
What is the ten thousands digit of 1333087252?
8
What is the thousands digit 